alue of 1 - (-105 + 2) - ((-48 - 21) + 86)?
87
Calculate 6 + -31 + 14 - -16.
5
What is the value of -30 + 37 - ((-6 - (32 + 2)) + 1 + 5)?
41
-5 + (15 - 21) + 0 - 31
-42
(-2785 - -2658) + (1 - -24) + 7 + 0
-95
Evaluate -233 - -169 - (-63 - 1).
0
What is the value of (-169 - -228 - (-33 - -5)) + -25?
62
What is the value of -117 - (-3 + (3 - 0)) - (55 - (-18 - -76))?
-114
Evaluate 66 + -4 + (-6 - -2 - -10) + -6 + 7.
69
Calculate 30 - -64 - (-1 - (-1 - -1) - (-462 + 453)).
86
Calculate (-1 - -2) + 7 + (-28 - (-31 - -4) - -9).
16
Evaluate 1 + -84 + 0 + 23 + -76 + 63 + -1.
-74
-1 - ((0 - 7) + (592 - 589))
3
Evaluate (7 - (-10 + 11 + -6)) + (15 - 8 - 20).
-1
Calculate 22 + -29 - (-10 - -27 - 26).
2
Evaluate 11 + (23 - 1) + (-881 - -844).
-4
What is the value of 2 + 30 + -788 + 771 + 21 + -2?
34
Calculate (-56 - (-14 + 7)) + (0 - (-5 - -17) - -9).
-52
What is -7 - (17 + 49 + -14) - (1 + 1)?
-61
-9 - (-13 - (-8 + (0 - (-1 - 8)))) - 2
3
Calculate (34 - (22 - -1)) + -68.
-57
37 - (-12 + 20) - 39
-10
What is the value of (-76 + 21 - -32) + -103 + 38?
-88
What is the value of -29 + -69 + 69 + 67 + -1?
37
Evaluate -110 + 1 - (35 - (92 + -26)).
-78
What is -5 - (-3 - (-3 - -6)) - (-28 + 34 - 55)?
50
Calculate 3 - (13 - -52 - ((-1 - 2) + 24 + -19)).
-60
What is the value of -45 + (157 - 83) + -1 + (2 - (-1 + -1))?
32
Evaluate -2527 + 2526 + -46 + (1 - -2).
-44
What is (10 - -1) + 1513 + -1509 + -53?
-38
What is the value of -37 + (-21 - (-20 + -78))?
40
What is 1 - -10 - ((-26 + 61 - 42) + (0 - -13))?
5
Calculate 25 + (9 - ((0 - -17) + 3 + -4 + -4)).
22
-11 + (73 - ((2 - 4) + 12)) + -11
41
Calculate 7 + -3 + -3 + (-2 - (11 + -21 + 44)).
-35
What is (142 - 175 - -53) + (1 - 29)?
-8
What is the value of (3 - (-11 - (21 - 22))) + -23?
-10
Calculate 11 + 2 + (-11 - -3) + 18 + -20 + 8.
11
What is 16 + (-40 - (-1 - 15) - -11) + (101 - -1)?
105
Evaluate -10 - (13 + -24) - (5 + -8 - -27).
-23
What is -29 + -1 + (1323 - 1358) + 36?
-29
What is the value of 2 + 1 + (-24 + 4 - (173 - 182))?
-8
Evaluate 1 - -25 - (45 - -64 - 150).
67
(10 + 49 - -45) + -56
48
Evaluate -6 + -5 + 16 + 4 + -9.
0
4 + -42 + (-1 - (6 - 12) - 10)
-43
What is 42 + -2 - (396 + -396)?
40
Evaluate 10 + (24 + 29 - 10).
53
What is the value of -143 + 23 + 69 + -12?
-63
What is the value of 6 - (-5 - -5) - (3 - -11 - 43)?
35
-77 + 39 + -48 + 48
-38
Evaluate -73 + (11 - 13) + 3 + (-10 - (2 - 5)).
-79
What is -44 - (-89 + (178 - 93))?
-40
(-33 - 92 - 3) + 26 + -9 + 1
-110
Evaluate -76 + (1 - 23) - -78.
-20
2 - (-60 - -2) - (16941 + -16948)
67
Calculate -11 + 7 + -14 + 8 + 53.
43
Calculate -29 - (336 - 322 - (0 - (-10 + -1))).
-32
What is the value of -60 + 71 - (1 - -31)?
-21
23 - -16 - 33 - -1
7
Evaluate (7 - 2) + (-27 - -24) + (-26 - (1 + 1)).
-26
-223 + 185 - (-9 - -48)
-77
What is 105 + -159 - ((11 + -1 - 15) + -1)?
-48
Calculate 0 + -13 + 428 + -439 + (2 - 27).
-49
What is the value of 1 + (-4 - 10) + 6 - -13 - (4 - -101)?
-99
Evaluate -5 - (-16 - 5) - (-3 - (-40 - 7)).
-28
Evaluate 82 + (0 + -2 - (-22 + (5 - -4))) + -7.
86
What is 281 - 442 - (-107 - 9)?
-45
50 + -61 + 3 + 12 + -26
-22
What is (81 - (0 - 3 - (-211 + 211))) + -2 + -2?
80
What is the value of -38 - (11 - 33) - -18 - (10 + 1 + -4)?
-5
What is the value of -6 - ((32 - -2) + -18 + -7)?
-15
What is 17 + -6 + 20 + -38 + 32?
25
Calculate -131 + 129 + 26 + 35.
59
What is the value of (4 - 2 - -10) + (-13 + 23 - 65)?
-43
-7 - -62 - (-321 + 372)
4
Calculate (20 - -27) + 0 + 4 + (2 + -4 - 4).
45
What is the value of -21 + (-15 - (13 - (63 - 17)))?
-3
Calculate 39 - 0 - (-2402 + 2413).
28
Evaluate -4 + (-82 - 5) - (-122 + 143).
-112
Calculate ((-12 - -4) + 6 - -56) + (-10 + 6 - -17).
67
94 + 60 + -117 + 0 + (2 - -4)
43
What is the value of 8 + -34 + 20 - (-2 + 23)?
-27
What is (-15 - -1) + -990 + 964?
-40
Evaluate 53 - (9 + 32) - (1 + 5) - -9.
15
Evaluate (-5 + 25 - ((-12 - -19) + 1)) + -31.
-19
Evaluate 1 + (-1 + 1 - (81 - 81)) + -27 + 7.
-19
Calculate (-86 - -73) + (6 - 1) - (-12 - -10).
-6
Calculate 1689 + -1676 - (31 + (2 - (-1 + 2))).
-19
What is 1 - -5 - (790 - 789)?
5
Calculate (-18 + 44 - 13) + -81 + 15 + -2.
-55
Calculate (0 - 5) + (73 - 62 - 25).
-19
Calculate 4 + -85 + 1 - (13 + -4 - 25).
-64
What is -65 + (-46 - (-35 - -6) - (-5 + -1 - -2))?
-78
-7 + 25 - (26 - (-28 - -11))
-25
What is -61 + (5 - 3) - -60?
1
What is the value of 22 + -3 + -45 + 60 - 48?
-14
What is (-8 - 0) + (11 - 1) - (7 + -2) - -36?
33
(-4 - -16) + 3 - (0 - -19) - 28
-32
-16 - -2 - ((-19 - -1) + 7 - -11 - -4)
-18
What is the value of 1 + -57 - (-914 + 827)?
31
Evaluate (38 - 47 - (1 + 6 + -6)) + -9 + 1.
-18
(351 - 346) + -8 + 0 + -14 + 88
71
Calculate -34035 - -34074 - (1 - -1 - (1 - 1) - 8).
45
What is the value of (-110 - (117 - 236)) + (25 - 1) - (-3 - -1)?
35
What is (0 - -2 - -28) + 9 - (92 + -74)?
21
Evaluate (2 + -20 - -3) + (-33 - -50 - -47).
49
What is (15 - (25 + (23 - 41))) + -59?
-51
Calculate (3 - -1) + (5 - (11 + 30 + -10)) + 33.
11
-9 - (-104 + 199 - 92 - (2 - -23 - 1))
12
Calculate 29 + -21 - (9 + -41 + 8).
32
Evaluate -8 + -6 + 61 + (17 - (29 - 23)).
58
-135 - (-219 - -100 - -21)
-37
Calculate 25 + (-40 - 25) - -19.
-21
Evaluate (-25 - (-40 + 13)) + 6 - 76.
-68
329 - 368 - (0 + -40)
1
What is the value of (-9 - (4 + -5)) + -33 + (16 + -17 - -8)?
-34
Evaluate (6 - (-119 + 3)) + -12 + 22 + -13 + 18.
137
65 + -13 + 23 + 12
87
Calculate 88 + -6 + -3 + -46.
33
What is the value of -1 + -94 + 118 - (0 + 53)?
-30
7 + -1 + -2 + 64 + -55 + -17
-4
What is the value of (31 - -29) + -42 - -24?
42
Calculate (3 - -23) + (9 - 4) + 7 + -22.
16
(-59 - (71 + -176)) + 20
66
Calculate (30 + -27 - 148) + 23.
-122
What is the value of 37 + -1 - (24 + 54 + -76)?
34
Calculate 26 + (4 - 72) + 3 + 2 + -4.
-41
Calculate 11 - (18 + -3 + (-14 - 31) + 12).
29
What is the value of -82 + (234 - 215) + (0 - 4) + 0?
-67
What is the value of -9 + 199 + -202 + (1 - -32)?
21
-564 + 578 + (-127 + 11 - 9)
-111
Evaluate 6 - -17 - (-129 + 131).
21
What is the value of 24 + -47 - -32 - 36 - -55?
28
What is (8 - -59) + -342 + 316?
41
-71 - (-105 + 35) - (13 + 0) - (-4 + 17)
-27
Evaluate (76 - 2) + -3 + 1 + (-21 - 8) + 32.
75
479 + -497 - ((-2 - -2) + 26)
-44
What is the value of -50 + 1 - (5 - (6 - (16 - 4 - 7)))?
-53
What is the value of 238 + -276 + 82 + -7?
37
Calculate (-4 - (-5 + -1)) + 9 - (86 + (-10 - -13)).
-78
What is the value of (0 - (-7 + 95)) + 47 + -47 + -5?
-93
What is the value of (-6 - 0) + (7 + -5 + -15 + 57 - -8)?
46
2 + (18 - 2) - (29 - (84 + -94))
-21
(-11 - -4) + (23 - -21) + (-4 - -13)
46
What is the value of (-24 + 4 - (-60 - -24 - (5 - 29))) + 35?
27
What is 4277 - 4247 - (-1 + -82 - 1)?
114
What is the value of (5 - 2) + (-15 - (-42 + 13 - -20))?
-3
Evaluate -66 - -101 - (97 - -6).
-68
What is -39 - (-11 - ((5 - (1 - 1)) + 843 + -864))?
-44
Evaluate (1 + 1 - 17) + (-9 - 13 - 5) + 20.
-22
Evaluate (64 - 50) + -99 + 102.
17
What is 3 + -2 + 7 - (12 + 1 + (-231 - -273))?
-47
(9 + -3 - 11 - 117) + (-7 - (-14 - -3))
-118
What is the value of -10 - (29 + -54 + 22 - 39)?
32
Calculate -18 + (-135 - -79) + 72.
-2
(0 - (3 + (-35 - 3))) + (14 - 16 - -3)
36
What is the value of -128 - (30 + -18 - 6) - -21 - -16?
-97
What is (-85 - -17) + 100 - 19?
13
What is the value of -1 - ((-18 - (7 + -2 + -6)) + 61)?
-45
What is the value of (-32 - (7 + -10)) + 59 - -25?
55
What is the value of -2 + (-50 - (0 - (-19 - -18) - 4))?
-49
Evaluate 12 + -2 + (9 - 15) + 2 - -59.
65
Calculate 61 + -98 - (4 - -29).
-70
Calculate 0 + (1 - (-4 - -6)) - (3 - 3).
-1
What is -3 + -4 + (11 - 10) - (61 + (13 - 5))?
-75
103 - (33 - -41) - (-3 + 3 - (12 + -1))
40
Evaluate 7 - (9 + 4 + 3) - (11 - -3).
-23
Evaluate 9 - (-14 - -29 - -2) - 0 - -12.
4
Evaluate 8 + -11 - (-2 + -54 + (9 - 14)).
58
What is -270 + 428 + -40 + -212?
-94
Calculate -436 + 469 + -18 + 9.
24
What is the value of 62 + -46 - (75 + -18 + -4)?
-37
(-6 + (9 - -11) - 36) + 66
44
What is 7 - 16 - 150 - -234?
75
-52 + (61 - 28 - 38)
-57
Evaluate -161 + (60 - 50) + 271.
120
Evaluate 0 - 45 - (6 + -2 - (30 - 38)).
-57
Calculate -6 - (-113 - -74) - -75.
108
-1 - -64 - (-1 + -13 - (-286 - -270) - -1)
60
What is -3 - (-80 - ((-3 - (-5 + 4 + -16)) + -2))?
89
Calculate -28 - (120 + -20 + -25) - (-1 + 8).
-110
1 + 1 + 1148 + -1138 + (0 - 56) + 